297809 composite?
False
Is 27965536051 prime?
False
Is 53623462349 prime?
False
Is 1293108199 a prime number?
True
Is 287410042237 prime?
True
Is 72819404737 a prime number?
True
Is 12713643791 a prime number?
False
Is 4214110753 a composite number?
False
Is 657998377 prime?
True
Is 2795010115 a composite number?
True
Is 2632331641 prime?
True
Is 1455710579 composite?
False
Is 58668811 a composite number?
True
Is 517852457 prime?
True
Is 249257933 a prime number?
False
Is 994330937 a prime number?
True
Is 18267115 a prime number?
False
Is 834237697 prime?
True
Is 1903745231 a prime number?
False
Is 904103023 prime?
True
Is 4855551369 a prime number?
False
Is 895912417 a prime number?
True
Is 7461606821 a composite number?
False
Is 313009459 a prime number?
False
Is 673431173 prime?
True
Is 145337463643 prime?
True
Is 214263493 composite?
True
Is 1767584047 composite?
False
Is 3292691273 a prime number?
True
Is 10284474773 a prime number?
True
Is 27317742761 prime?
True
Is 562867129 prime?
False
Is 6783091169 a prime number?
True
Is 13711152853 prime?
False
Is 351011914117 composite?
False
Is 3350071853 a composite number?
True
Is 721733 composite?
False
Is 53295781117 composite?
False
Is 827603659 prime?
True
Is 22018951673 composite?
False
Is 5134922669 a prime number?
False
Is 23453785049 a composite number?
False
Is 792972347 a composite number?
False
Is 2914080553 a prime number?
True
Is 3960107785 a composite number?
True
Is 14186914739 prime?
True
Is 3984578537 a composite number?
True
Is 4226344433 a prime number?
True
Is 13682151957 a composite number?
True
Is 98194541 composite?
True
Is 1864728031 prime?
False
Is 136930559 a composite number?
False
Is 179436985687 a composite number?
False
Is 80362169 prime?
True
Is 109270220443 a prime number?
True
Is 36794719393 a composite number?
False
Is 55095173011 composite?
False
Is 3633896677 prime?
True
Is 499399823 a composite number?
True
Is 14541857479 a composite number?
True
Is 2652804659 a prime number?
False
Is 1573644167 prime?
True
Is 4907459203 a prime number?
True
Is 5035707317 prime?
True
Is 25632105951 composite?
True
Is 604445771 prime?
False
Is 97947751199 a composite number?
True
Is 459170501 a prime number?
False
Is 6756655693 a composite number?
False
Is 13618487195 a prime number?
False
Is 842121829 a prime number?
True
Is 338840399 composite?
False
Is 8232240427 a prime number?
False
Is 951892707 composite?
True
Is 909005921 prime?
False
Is 168575366541 prime?
False
Is 310179289 composite?
True
Is 24510867419 a prime number?
True
Is 2826705649 composite?
True
Is 1913592691 prime?
True
Is 2743090849 a prime number?
True
Is 11266099603 composite?
True
Is 1633559197 a composite number?
True
Is 3489249043 prime?
False
Is 3928162991 composite?
False
Is 541507427 composite?
False
Is 2003040349 a composite number?
True
Is 1553837209 a composite number?
False
Is 5302194913 a prime number?
False
Is 1214044889 a composite number?
True
Is 410222557 composite?
False
Is 384668281 a composite number?
True
Is 683965823 a prime number?
True
Is 419555411627 composite?
True
Is 21910474757 composite?
False
Is 32076406731 prime?
False
Is 761354597 composite?
True
Is 11144585059 a composite number?
True
Is 806835517 prime?
True
Is 6424690859 composite?
True
Is 2318413679 a composite number?
True
Is 1492140257 prime?
True
Is 53850451951 prime?
True
Is 23207450921 a composite number?
True
Is 129380362 a prime number?
False
Is 64112423971 a prime number?
True
Is 19271399577 prime?
False
Is 26351500495 a prime number?
False
Is 669635149 composite?
False
Is 2629027243 a prime number?
True
Is 8691414547 a composite number?
True
Is 6496563451 composite?
True
Is 3363642499 a composite number?
True
Is 2470017259 a prime number?
True
Is 3418139609 a prime number?
True
Is 2886762287 a composite number?
False
Is 31760021 prime?
True
Is 2211121817 composite?
True
Is 30431790913 a prime number?
True
Is 2007040345 a composite number?
True
Is 35278649701 prime?
True
Is 3493343239 a prime number?
True
Is 286979519 a composite number?
False
Is 41650555463 composite?
True
Is 23992283 a composite number?
True
Is 5632780773 a composite number?
True
Is 962732129 a prime number?
True
Is 3658796261 composite?
False
Is 324611383 prime?
False
Is 1059493013 a composite number?
True
Is 6980887255 a prime number?
False
Is 896150273 composite?
True
Is 13249219939 prime?
True
Is 1004769719 a prime number?
True
Is 1780456961 a prime number?
False
Is 183072104737 composite?
False
Is 114437431721 a prime number?
True
Is 2514035938 a composite number?
True
Is 38581903501 composite?
True
Is 68589232747 prime?
False
Is 367354217 composite?
False
Is 2581125403 composite?
False
Is 4865041417 a prime number?
True
Is 78910513153 a composite number?
True
Is 1688474617 a composite number?
False
Is 2234548109 composite?
True
Is 15621096067 a prime number?
True
Is 77813550701 prime?
True
Is 2396283619 composite?
True
Is 1371146641 composite?
True
Is 4900834409 prime?
False
Is 14902648219 a composite number?
True
Is 14284306859 composite?
False
Is 28005257659 a prime number?
True
Is 4910249293 a prime number?
True
Is 6911213149 a prime number?
False
Is 21320411971 a composite number?
False
Is 43116093239 prime?
True
Is 1252534097 a prime number?
True
Is 40025626187 a composite number?
False
Is 11232564347 prime?
True
Is 191619287 a prime number?
True
Is 3958210801 composite?
True
Is 54833070941 a prime number?
False
Is 13658082959 prime?
True
Is 40752027319 a composite number?
True
Is 259073257 a composite number?
True
Is 52490254657 composite?
False
Is 67601330051 composite?
True
Is 448216337 composite?
True
Is 23567679551 a composite number?
True
Is 104275088227 composite?
False
Is 26023192903 composite?
True
Is 1351519241 prime?
True
Is 32796052777 prime?
False
Is 50402733 prime?
False
Is 4281374203 prime?
False
Is 69523228589 a prime number?
False
Is 719444447 a prime number?
True
Is 2824346906 a composite number?
True
Is 1692238921 a composite number?
True
Is 5976818327 composite?
True
Is 163317023 a prime number?
False
Is 2686329887 prime?
True
Is 3464771059 a prime number?
True
Is 1087589869 composite?
False
Is 367031923 composite?
False
Is 1094996501 composite?
True
Is 13660974479 composite?
True
Is 12156999 prime?
False
Is 9421999871 a prime number?
False
Is 229834873 prime?
True
Is 1308145339 a composite number?
True
Is 1947710119 composite?
True
Is 684103687 a composite number?
True
Is 37539471317 prime?
True
Is 368381071 a prime number?
False
Is 18295420519 prime?
False
Is 2852767583 composite?
False
Is 321313643 a composite number?
True
Is 10177470241 a composite number?
False
Is 813322841 prime?
True
Is 342630853 prime?
False
Is 293163119 a composite number?
False
Is 14729349259 a composite number?
False
Is 496326443 a prime number?
False
Is 899061173 a composite number?
False
Is 14626885807 a composite number?
False
Is 63205427887 a composite number?
True
Is 1489500421 composite?
True
Is 1142004497 prime?
False
Is 1828329847 composite?
False
Is 7233847949 prime?
False
Is 17849463 a composite number?
True
Is 9363059513 a composite number?
True
Is 1496274121 a composite number?
True
Is 7767696749 prime?
False
Is 19722795779 prime?
True
Is 25547100073 prime?
False
Is 13960134139 a composite number?
True
Is 960120397 a composite number?
False
Is 8308185673 prime?
False
Is 1165497527 prime?
True
Is 7549374473 a composite number?
False
Is 1007101715 composite?
True
Is 436591531 prime?
True
Is 3262264919 composite?
True
Is 68005919 a composite number?
True
Is 118408857067 a prime number?
False
Is 43345547359 composite?
True
Is 8225793337 a composite number?
False
Is 11477788661 prime?
True
Is 3648354959 a prime number?
False
Is 1918474891 a composite number?
True
Is 123113933 a composite number?
False
Is 719379766991 a composite number?
False
Is 3784528291 a composite number?
False
Is 1528918763 a composite number?
True
Is 2576421853 prime?
False
Is 4082559667 composite?
False
Is 77245075837 composite?
False
Is 156619002209 a prime number?
False
Is 89971459 a composite number?
True
Is 84273573913 composite?
True
Is 6695742467 a composite number?
False
Is 164441820329 a composite number?
False
Is 1823384543 a composite number